. What is the highest common divisor of l and 2?
1
Suppose 0 = -i + d + 1, d - 1 = -0*d. Suppose 2 = -i*o + 24. Calculate the greatest common factor of 77 and o.
11
Let p(v) = v**3 - 7*v**2 + 4*v + 7. Let t be p(5). Let g be 3 + -4 - t - -4. Calculate the greatest common factor of 78 and g.
26
Let d be (4 + -39)*4/(-10) + -2. What is the greatest common factor of d and 20?
4
Let r(q) = -q**2 - 2*q - 11. Let u(w) = -4*w**2 - 7*w - 43. Let x(o) = -9*r(o) + 2*u(o). Let j be x(-6). Calculate the highest common factor of 100 and j.
25
Let b be 1 - (-2 + (4 - 2)). Let a be 4*(-2)/20*5. Let m be 1*a*(-3)/6. Calculate the greatest common divisor of m and b.
1
Suppose -3*q = 5 + 7. Let w = 12 - q. What is the greatest common divisor of 2 and w?
2
Let q = 53 + -50. Let o = 101 - 68. What is the greatest common factor of o and q?
3
Let h be 3 - (9/((-36)/40) + 1). Calculate the greatest common factor of h and 48.
12
Let g be 6/(-21) - 5/7. Let s(j) = -3*j - 1. Let w be s(g). Let c = -39 + 57. Calculate the greatest common factor of w and c.
2
Let d = 2 - 4. Let a be 1 + (2 - d/(-1)). What is the highest common factor of 4 and a?
1
Let z = 23 + -21. Calculate the greatest common divisor of 14 and z.
2
Let j = 4 + 0. Suppose j*o = 83 + 13. What is the highest common factor of o and 8?
8
Suppose -540 = 4*d - 7*d. Suppose -3*r = -69 + 9. What is the greatest common factor of r and d?
20
Suppose 27 = -3*c + 231. Calculate the greatest common factor of c and 102.
34
Let t = -1043 + 1565. Suppose 4*r - 2*v = -5*v + t, v + 398 = 3*r. What is the highest common factor of r and 12?
12
Suppose -5*m = -5*q - 240, -5*m + 3*q = -4*m - 56. What is the greatest common divisor of 11 and m?
11
Let w(v) = 2*v - 7. Let l be w(8). What is the greatest common divisor of 27 and l?
9
Let i be (-2)/(-3) + (-19)/(-3) - -1. Let y(b) be the first derivative of 3*b**2/2 + 1. Let j be y(4). Calculate the greatest common factor of i and j.
4
Let g = 0 + 8. Let z(s) = 10*s - 4. Let b be z(g). What is the highest common factor of b and 19?
19
Let h(w) = -w**3 - 15*w**2 + 13*w + 8. Let i be h(-16). What is the greatest common factor of 7 and i?
7
Let d(x) = x**3 - 2. Let h be d(0). Let k be 21/(-6)*1*h. Calculate the greatest common factor of 21 and k.
7
Let r(p) = -2*p**3 + 3*p**2 + 5*p + 6. Let v be r(-3). What is the greatest common divisor of 8 and v?
8
Let u be -3*(-102)/9 - 1. Let x be 8 - (2 - (1 + -2)). Let b = 8 - x. Calculate the greatest common factor of b and u.
3
Let d = 7 - -20. Suppose 4*p = -0*p + 36. Calculate the highest common divisor of p and d.
9
Let l = -47 + 57. Calculate the highest common factor of l and 20.
10
Suppose -5*t + 141 = -3*u + 2*u, -2*u = -4*t + 114. Suppose 28 = 5*w - 3*w. Calculate the highest common factor of w and t.
14
Let t = 142 + -92. What is the highest common divisor of t and 30?
10
Suppose 5*i = 3*f + 162, 3*i + 2*f + 158 = 8*i. Calculate the greatest common factor of i and 3.
3
Let q(t) = -t**2 + 10*t - 2. Let w be (2 - -1 - -6) + -1. Let h be q(w). What is the highest common divisor of h and 56?
14
Let m be (-1)/(-4) + 300/16. Let c be 2/6*(-7 + m). Let h(g) = g**3 + 4*g + 1. Let w be h(c). What is the greatest common factor of 9 and w?
9
Suppose 3*p - 23 = 4. Calculate the greatest common divisor of p and 3.
3
Suppose -4*u - 4 = 0, -t + 14 = -2*u + u. Calculate the highest common factor of t and 39.
13
Let i = -1 + 0. Let c be (12 - (2 - 0)) + i. Calculate the greatest common factor of c and 63.
9
Suppose b - 5*b + 6 = -u, -b = -2*u + 2. Suppose -5*y = -18 - 12. Calculate the greatest common factor of y and u.
2
Let f be (-5)/(-10) - 21/2. Let v = f - -14. Let a = -12 + 13. Calculate the greatest common divisor of v and a.
1
Let o = -109 + 166. Calculate the greatest common divisor of 19 and o.
19
Let c(f) = f**3 + 6*f**2 + 2*f - 5. Let b be c(-4). Suppose -279*o + 282*o - 228 = 0. What is the greatest common factor of b and o?
19
Suppose 0 = -0*o - 3*o - 9. Let r be (-7)/o - (-4)/(-12). Suppose -100 = -0*d - r*d. Calculate the greatest common divisor of d and 25.
25
Suppose p - 5*q - 21 = 0, 7*p - 25 = 2*p + 5*q. Let j be 1 - 0/(p - 0). What is the highest common divisor of j and 5?
1
Suppose 0*u + u - 3*n + 1 = 0, -3*n = -2*u + 1. Suppose -u*t + 5*v + 3 = 0, -v + 1 = -t + 4. Calculate the greatest common divisor of 10 and t.
2
Let i be (-136)/(-14) + (-2)/(-7). Let f(q) = -4*q**2 + 12 + 3*q**2 + i*q + 2*q**2. Let z be f(-10). Calculate the greatest common divisor of z and 3.
3
Let j(z) = -z**3 - 13*z**2 + 2. Let n be j(-13). Let f be ((-6)/(-2))/(2/28). Suppose f + 200 = n*o. What is the greatest common factor of o and 11?
11
Suppose -t + 10 = 2*l - 4*t, 0 = l + 3*t - 23. What is the highest common factor of l and 99?
11
Suppose -4*b - 4 = 0, 7*j - 4*j - 24 = 3*b. Suppose c + 3*d = -63, -6*d - 123 = 2*c - d. Let t = 75 + c. Calculate the greatest common divisor of j and t.
7
Let q = 262 + -14. What is the highest common factor of 31 and q?
31
Let o be 82 + 2 + (2 - 2). What is the greatest common divisor of 21 and o?
21
Let g be (12 - 9 - (-3)/(-5))*5. What is the highest common factor of 132 and g?
12
Suppose -4*r - s + 148 = 3*s, 2*r + 4*s = 68. Calculate the greatest common factor of r and 8.
8
Let u = 4 - 3. What is the greatest common factor of 7 and u?
1
Let t be 29/2 + 54/(-36). What is the highest common factor of t and 39?
13
Let w = -12 - -21. Let r = -2 + 11. Suppose 0 = -3*s + 2*f + 9, 3*s - 4*f = -6*f + r. What is the greatest common divisor of w and s?
3
Let d = 47 - 43. Suppose 11 = 2*j + y, 0*j = j + 5*y - 1. What is the greatest common factor of d and j?
2
Suppose 3*p = 2*n - 20, -3*p - 20 - 4 = -3*n. Suppose -u - 51 = -n*k, 0 = -k + u - 2*u + 9. Calculate the highest common factor of 60 and k.
12
Let v = 18 + 15. What is the greatest common factor of 3 and v?
3
Suppose -3*f + 36 = a - 16, -34 = -f + 3*a. Let j = f + -9. What is the greatest common factor of 50 and j?
10
Suppose 0 = -2*u + 5*u - 9. Let j = 2 + u. Suppose -j*n = -7 - 13. Calculate the highest common divisor of 44 and n.
4
Suppose -q - 3*r + 180 - 29 = 0, -4*r + 292 = 2*q. Calculate the highest common divisor of 17 and q.
17
Suppose -4*f = p + 783, 0*p + 585 = -3*f - 3*p. Let u = 372 + f. Suppose 3*m - 5*o = 41, 5*m + 12*o = 8*o + 130. Calculate the highest common factor of m and u.
22
Suppose -49 = -2*a - 5*m, 5*a - 4*m - 70 = m. Calculate the highest common factor of 136 and a.
17
Let t(p) = -p - 1. Let x be t(-2). Let b(q) = 27*q. Let y be b(x). What is the greatest common divisor of 27 and y?
27
Let t = -103 + 119. Calculate the highest common divisor of t and 16.
16
Suppose -4*f + 280 = -3*h - 0*h, 4*f - 280 = -4*h. Suppose -2*p - 40 = -3*g, 0*p = -g - 4*p + 18. Calculate the highest common divisor of f and g.
14
Suppose 3*l - 5*a - 830 = 0, -5*l + 0*a + 1370 = 5*a. Calculate the highest common divisor of l and 25.
25
Suppose -2*g = -6*g + 5*v + 93, -2*v = 2. What is the greatest common divisor of 2 and g?
2
Let t(v) = 19*v**2 + 9*v + 18. Let r be t(-3). What is the highest common factor of 18 and r?
18
Let d = 159 + -103. Suppose -7 = -5*o - 17. Let s be (-3 - 1)*(o + 0). What is the greatest common divisor of d and s?
8
Suppose 15*h = 10*h - 20. Let l(b) = -b**2 - 4*b + 7. Let q be l(h). What is the highest common divisor of q and 49?
7
Suppose 3*l + 3 = 4*f + 8*l, f - 4*l = 6. Let x be (-1)/(3/(-69)) - -2. Suppose -f*u + x = 3. Calculate the greatest common divisor of 11 and u.
11
Suppose -4*m = -f + 6 + 1, -4*f = -12. Let t = -1 + m. Let o be (t - -4) + (120 - 1). What is the greatest common divisor of 11 and o?
11
Let v = -10 - -35. Let j(h) = 14*h**2 + 4*h + 2. Let q be j(-2). Calculate the greatest common factor of v and q.
25
Let y = 2 - -6. Suppose 3 = 3*f - x, 2*f - 4 = 3*x - 9. What is the highest common divisor of f and y?
2
Suppose m - 18 = -2*m. Let v be (-45)/6*-2*1. Let r = v + 15. Calculate the greatest common factor of r and m.
6
Let w(k) = -k + 32. Let a(x) = x**2 - 2*x. Let n be a(2). Let j be w(n). Calculate the highest common divisor of j and 4.
4
Let n(s) = s**2 + 7*s. Let d be n(-7). Suppose 2 + d = w. Suppose -3*z + 91 = -w*z. What is the highest common factor of 13 and z?
13
Let i = 3 + -10. Let m = 17 + i. Let w be -1